r when y(28) is divided by 117.
33
Suppose 0 = -376*s + 396*s - 1800. What is the remainder when 803 is divided by s?
83
Let f(c) = 13*c + 44 + c**2 - 22*c - 19. Suppose -3*o - 4*b + 52 = 2*o, 21 = 3*o - b. Calculate the remainder when 50 is divided by f(o).
16
Let i = 34584 - 34565. Calculate the remainder when 398 is divided by i.
18
Let h = 14 + -85. Let x = -36 - h. What is the remainder when (x/15 - 3)*-18 is divided by 4?
0
Let s be (-15)/(-10)*(-11 + 1). Let q = -5 - s. What is the remainder when 112/(-2)*(-11)/22 + 0 is divided by q?
8
Let x(f) = f**3 + 34*f**2 + 60*f - 64. Let y be (-4 + 24)*((-56)/10 + 4). What is the remainder when x(y) is divided by 15?
4
Suppose 335*x = 200579 + 128726. Calculate the remainder when x is divided by 52.
47
Let k(m) = 119*m**2 + 195*m + 1. What is the remainder when k(-3) is divided by 122?
121
Let x(p) = -395*p - 9509. Calculate the remainder when x(-25) is divided by 48.
30
Let v = 222 - 192. Let z = v + 128. What is the remainder when z is divided by 53?
52
Suppose -9*s - 697 - 455 = 0. What is the remainder when ((-223)/(-4))/((-32)/s) is divided by 38?
33
Calculate the remainder when 2488 is divided by (126/(-12) + -7)/((-3)/30) - -3.
174
Let p be (-5)/(45/24)*(-7 - -4). Let v be 2/p + (-65)/20. What is the remainder when 59 is divided by (-2)/(-12) + (v - 178/(-12))?
11
Let r be (4/8)/((-2)/(-132)). Let t = 1262 + -1039. Suppose 16*j - t = r. Calculate the remainder when j is divided by 9.
7
Let u(v) = -3*v - 643 + 644 + 4*v. Let h = 58 + -52. What is the remainder when h is divided by u(1)?
0
What is the remainder when 140 is divided by (-34)/8*(-257 - -237)?
55
Let k = -213 + 218. Suppose k*n = -5*l + 150, 5*l + 3*n - 60 - 98 = 0. Calculate the remainder when 67 is divided by l.
33
Suppose -8*r = -3*r - 1070. Suppose 174*w - 3898 - 4094 = -48*w. What is the remainder when r is divided by w?
34
Suppose 195*r = 188*r + 259. Let z be -25 - ((-3 - -1) + 0). Let u = -15 - z. What is the remainder when r is divided by u?
5
Suppose f - 4*u = 36, -403*f + 399*f - 3*u + 87 = 0. Let n be 0 + 1/(2/(-286)). Let l = 201 + n. What is the remainder when l is divided by f?
10
Let f(t) = -6*t**2 + 23*t - 55. Let p(a) = -7*a**2 + 22*a - 59. Let x(i) = -6*f(i) + 5*p(i). Calculate the remainder when 127 is divided by x(28).
22
Let m = -11785 + 11943. Calculate the remainder when 5213 is divided by m.
157
Let q = -37967 - -38046. Suppose -f = -0*f - 2*n - 46, -130 = -3*f + 2*n. What is the remainder when q is divided by f?
37
What is the remainder when 6/(-14) - (-157386)/714 is divided by 45?
40
Suppose -3*q - 1530 = -12*q. Suppose 4*b + 6*b - q = 0. Calculate the remainder when 60 is divided by b.
9
Let s(t) = 72*t - 81. Let c be s(9). Let q = c + -528. What is the remainder when 268 is divided by q?
34
Suppose 22 = 2*l + 4*k + 102, 0 = k + 2. Calculate the remainder when l/4 + 5 - -110 is divided by 29.
19
Suppose 0 = 2*l - 49 + 43. Suppose 4*o - l*x = 1675, -o = 4*x - 0*x - 414. Calculate the remainder when o is divided by 35.
33
Calculate the remainder when (-39)/((-56)/(-68) - 1) - -8 is divided by 39.
34
Let z(x) = -x**3 + 4*x**2 + 7*x - 5. Suppose -12*s = -882 + 798. Suppose -41*p = s*p - 48. Calculate the remainder when z(5) is divided by p.
0
Let c(g) = 33*g**2 - 80*g - 478. What is the remainder when c(-7) is divided by 13?
9
Let d(g) = -g**3 + 13*g**2 - 23*g + 31. Let x = -39 - -48. Calculate the remainder when d(x) is divided by 38.
34
Let h(n) = n**3 - 7*n**2 + 29*n - 275. Let m = 9 - -4. Calculate the remainder when h(8) is divided by m.
8
Suppose -29*l - 3731 = -70*l. What is the remainder when 128 is divided by l?
37
Let r(z) = 6*z + 180. Let m be r(-25). What is the remainder when 81 + 1/(-3) + 10/m is divided by 3?
0
Suppose 0 = -10*s - 38 - 102. Let y = -1 - -14. What is the remainder when y is divided by s/63 + (-94)/(-18)?
3
Let l(u) = 140*u + 4362. What is the remainder when 456 is divided by l(-31)?
16
Suppose -5*a = -2*o + 1883 + 7697, 0 = -5*o - a + 24058. Calculate the remainder when o is divided by 45.
40
Let o(s) = -26*s + 82. Let h be o(3). What is the remainder when 417 is divided by (4 + 26/h)*(-8)/(-3)?
25
Suppose -110112 = 2*z + 60*z. What is the remainder when 160 is divided by 12/(1 - 4) - z/37?
28
Let t = 418 + -333. Suppose 66 = -83*u + t*u. Calculate the remainder when u is divided by 6.
3
Calculate the remainder when 0 + -4 + 9 + 14214 is divided by 12.
11
Let g(u) = -27*u - 1436. Calculate the remainder when 4198 is divided by g(-54).
18
Suppose -25779 = -71*y - 1108 + 15231. Calculate the remainder when y is divided by 154.
100
Suppose -902 = 4*h - 8*h - 3*t, -5*t + 444 = 2*h. Suppose 1727*i - 40 = -2*d + 1724*i, 2*d = -5*i + 16. Calculate the remainder when h is divided by d.
37
Calculate the remainder when 212 is divided by (205 + -135)*6/(2/(2/7)).
32
Suppose -5*f + 0*f = -f. Suppose 7 = d + c + 2, -2*d - 3*c + 9 = f. What is the remainder when 28 is divided by d?
4
Let s(n) = -n + 27. Suppose 23*k - 26*k - 60 = 0. Let r be ((99/6)/(-11))/((-3)/k). Calculate the remainder when s(r) is divided by 7.
2
Let a = -91 + 68. Let r = 33 + a. Calculate the remainder when 28 is divided by r.
8
Let l(j) = j**3 + 15*j**2 - 12*j + 1. Let n(t) = -34*t + 184. Calculate the remainder when l(-15) is divided by n(4).
37
What is the remainder when (17 - (-3)/(-3)) + 1029 is divided by 81?
73
Let h = -237 + 252. Let t = 3 + -3. Suppose 46 = l + 5*v - t*v, 86 = 3*l + 2*v. Calculate the remainder when l is divided by h.
11
Let b(j) = 89*j - 16. What is the remainder when b(2) is divided by ((-48)/20)/(2 + (-33)/15)?
6
Suppose 0 = 2*a - 4*a + 3*y + 3406 + 3622, 0 = -y. What is the remainder when a is divided by 12?
10
Let l be 427*(8/(-7) + 2). Let u = -317 + l. Calculate the remainder when u is divided by 27.
22
Suppose 491*p + 45 = 496*p. Suppose -3*y - 744 = -7*y. Suppose -3*v = -p*v + y. Calculate the remainder when v is divided by 11.
9
Suppose -3*i - 185 = -6*i - 2*q, 5*q + 220 = 3*i. What is the remainder when 377 is divided by i?
52
Let z(j) = 3*j**2 + 10*j - 1. Let a be z(-3). Let v = a + 155. Let i = v + -62. What is the remainder when i is divided by 31?
27
Let v(m) = 3*m**2 + 3*m - 4. Suppose -5*c - 5*r = 65, -4*c - 15 = -3*r + 23. Let x = 33 + c. What is the remainder when v(-6) is divided by x?
20
Calculate the remainder when (-86)/(-11 + (-1785)/(-165)) is divided by 116.
9
Suppose 3*t - 4*n - 523 = 0, 2*t + 65 - 415 = 2*n. Suppose t*p + 28 = 178*p. Calculate the remainder when 109 is divided by p.
25
Suppose -r + o = -88, -o = o - 2. Suppose 94*v = r*v + 945. Suppose -724 = -5*d - v. What is the remainder when d is divided by 55?
52
Suppose 213 = -2*b + 205. Calculate the remainder when 23 is divided by ((-22)/b)/((-2)/(24/(-3))).
1
Let v be (-2*(-36)/(-32))/(3/(-16)). Suppose 0 = -4*t - 4*s - 24, -4*s - v = 2*t - 0*t. What is the remainder when t/14 - (-174)/14 is divided by 5?
2
Calculate the remainder when 2224/2*((-28)/8 - -4) is divided by 70.
66
Let z(k) = 5*k**2 - 36*k + 81. Let h(x) = -6*x**2 + 36*x - 80. Let g(b) = -4*h(b) - 5*z(b). Calculate the remainder when 52 is divided by g(33).
10
What is the remainder when 757 is divided by 5403/(-6)*3/(-12) + (-6)/48?
82
Let j = 136 + -66. Suppose 0 = -3*h - j + 190. Suppose -71 - 13 = -4*g. What is the remainder when h is divided by g?
19
What is the remainder when (-90 - (5 - 13))/((-7)/161) is divided by 59?
57
Suppose 2*i - 5*s - 805 + 148 = 0, -i + 4*s + 321 = 0. Suppose -8*b = -i - 411. Let r = b + -65. Calculate the remainder when 113 is divided by r.
26
What is the remainder when 2593 is divided by (-1)/(((-1)/(-3) + 0)/(34780/(-282)))?
3
Suppose 8 = 2*r - 5*k - 184, -r - 4*k + 70 = 0. What is the remainder when r is divided by (27 - -20 - 36) + 0?
9
Calculate the remainder when -1*(2 - -7) - -1862 is divided by 5.
3
What is the remainder when (8/(-12))/(6 - 114800/19131) is divided by 11?
9
Suppose -2*m = -2*l - 220 - 52, -272 = -2*m - 4*l. What is the remainder when 698 is divided by m?
18
What is the remainder when 2755 is divided by (-130)/(-5)*2*4/(-12)*-3?
51
Let t be ((-1)/(-2))/((22/(-12))/11). Calculate the remainder when (-547)/t - (-26)/(-78) is divided by 46.
44
Suppose -2*c - 2*w = 110, 29 = 3*c + 5